{"id":7960,"date":"2018-08-27T16:12:59","date_gmt":"2018-08-27T16:12:59","guid":{"rendered":"https:\/\/www.treatwell.de\/inspiration\/?page_id=7960"},"modified":"2018-09-03T10:33:40","modified_gmt":"2018-09-03T10:33:40","slug":"schwarzkopf","status":"publish","type":"page","link":"https:\/\/www.treatwell.de/inspiration\/schwarzkopf\/","title":{"rendered":"schwarzkopf"},"content":{"rendered":"<p>\t\t\t\t<img decoding=\"async\" src=\"https:\/\/www.treatwell.de/inspiration\/wp-content\/uploads\/sites\/7\/2018\/08\/Hero_mobile.jpg\" alt=\"Hero_mobile\" \/><br \/>\n\t\t\t\t<img decoding=\"async\" src=\"https:\/\/www.treatwell.de/inspiration\/wp-content\/uploads\/sites\/7\/2018\/08\/v2.i892136.w1920.h1280.xE8A8D5D2-2.jpg\" alt=\"v2.i892136.w1920.h1280.xE8A8D5D2 2\" \/><\/p>\n<p><strong>Said Rubaii Hairstyling<\/strong><\/p>\n<p>Berlin \u2013 au\u00dfergew\u00f6hnliche Frisur-Kreationen mit dem zweifachen German Hairdressing Award Gewinner.<\/p>\n<p>\t\t\t<a href=\"https:\/\/www.treatwell.de\/ort\/said-rubaii-hairstylist\/?mkt_params=GC~x_LC~schwarzkopf18_PM~LP-slot_CM~\" target=\"_blank\" role=\"button\"><br \/>\n\t\t\t\t\t\t\tJetzt Termin finden<br \/>\n\t\t\t\t\t<\/a><br \/>\n\t\t\t\t<img decoding=\"async\" src=\"https:\/\/www.treatwell.de/inspiration\/wp-content\/uploads\/sites\/7\/2018\/08\/v2.i1375840.w1920.h1280.xA3F75D5A-2.jpg\" alt=\"v2.i1375840.w1920.h1280.xA3F75D5A 2\" \/><\/p>\n<p><strong>nebenan<\/strong><\/p>\n<p>Hamburg \u2013 rundum bestens versorgt und versch\u00f6nert und das genau auf deinen Typ abgestimmt.<\/p>\n<p>\t\t\t<a href=\"https:\/\/www.treatwell.de\/orte\/behandlung-damen-farbe-toenung-straehnen,damenhaarschnitt\/angebot-typ-lokal\/rabatte-flexibel\/in-de\/ordnen-rabatt-absteigend\/?mkt_params=GC~x_LC~summersalesdach_PM~LP-slot_CM~summernight-hair\" target=\"_blank\" role=\"button\"><br \/>\n\t\t\t\t\t\t\tJetzt Termin finden<br \/>\n\t\t\t\t\t<\/a><br \/>\n\t\t\t\t<img decoding=\"async\" src=\"https:\/\/www.treatwell.de/inspiration\/wp-content\/uploads\/sites\/7\/2018\/08\/v2.i1497416.w1920.h1280.x72738523-2.jpg\" alt=\"v2.i1497416.w1920.h1280.x72738523 2\" \/><\/p>\n<p><strong>Hashtag Mate<\/strong><\/p>\n<p>D\u00fcsseldorf\u00a0 \u2013 na, Lust auf eine Typver\u00e4nderung? Dann bist du hier genau richtig. Mit viel Freude zur neuen Frisur.<\/p>\n<p>\t\t\t<a href=\"https:\/\/www.treatwell.de\/ort\/hashtag-mate\/?mkt_params=GC~x_LC~schwarzkopf18_PM~LP-slot_CM~\" target=\"_blank\" role=\"button\"><br \/>\n\t\t\t\t\t\t\tJetzt Termin finden<br \/>\n\t\t\t\t\t<\/a><br \/>\n\t\t\t\t<img decoding=\"async\" src=\"https:\/\/www.treatwell.de/inspiration\/wp-content\/uploads\/sites\/7\/2018\/08\/salon-04-img.jpg\" alt=\"salon 04 - img\" \/><\/p>\n<p><strong>Coiffeur Licina<\/strong><\/p>\n<p>K\u00f6ln \u2013 das Team sorgt f\u00fcr deinen pers\u00f6nlichen Entspannungstrip im Salon mit viel Liebe zum Detail und fachkundiger Beratung.<\/p>\n<p>\t\t\t<a href=\"https:\/\/www.treatwell.de\/ort\/coiffeur-licina\/?mkt_params=GC~x_LC~schwarzkopf18_PM~LP-slot_CM~\" target=\"_blank\" role=\"button\"><br \/>\n\t\t\t\t\t\t\tJetzt Termin finden<br \/>\n\t\t\t\t\t<\/a><br \/>\n\t\t\t\t<img decoding=\"async\" src=\"https:\/\/www.treatwell.de/inspiration\/wp-content\/uploads\/sites\/7\/2018\/08\/salon-05-img.jpg\" alt=\"salon 05 - img\" \/><\/p>\n<p><strong>JuNa Atelier<\/strong><\/p>\n<p>Berlin \u2013 goldene Momente bei Top-Stylisten in luxuri\u00f6sem Ambiente. Expertise aus Mode-Events und professionellen Fotoshootings f\u00fcr deinen Look.<\/p>\n<p>\t\t\t<a href=\"https:\/\/www.treatwell.de\/ort\/juna-atelier-hair-and-beauty\/?mkt_params=GC~x_LC~schwarzkopf18_PM~LP-slot_CM~\" target=\"_blank\" role=\"button\"><br \/>\n\t\t\t\t\t\t\tJetzt Termin finden<br \/>\n\t\t\t\t\t<\/a><br \/>\n\t\t\t\t<img decoding=\"async\" src=\"https:\/\/www.treatwell.de/inspiration\/wp-content\/uploads\/sites\/7\/2018\/08\/v2.i655480.w1920.h1281.xF48CF7B4-2.jpg\" alt=\"v2.i655480.w1920.h1281.xF48CF7B4 2\" \/><\/p>\n<p><strong>Vieth Hairstyling<\/strong><\/p>\n<p>Hamburg \u2013 mit Spontaneit\u00e4t, Charme und Humor wird neben Expertenwissen und einer top Schnittqualit\u00e4t eine besondere Atmosph\u00e4re kreiert.<\/p>\n<p>\t\t\t<a href=\"https:\/\/www.treatwell.de\/ort\/vieth-hairstyling\/?mkt_params=GC~x_LC~schwarzkopf18_PM~LP-slot_CM~\" target=\"_blank\" role=\"button\"><br \/>\n\t\t\t\t\t\t\tJetzt Termin finden<br \/>\n\t\t\t\t\t<\/a><\/p>\n<p><strong>Die Intensivpflege\u00a0<\/strong><\/p>\n<p><strong>f\u00fcr deine Haare<\/strong><\/p>\n<p><strong>\u2013 BC Fibre Clinix<\/strong><\/p>\n<p>Der Sommer hinterl\u00e4sst Spuren in deinem Haar. Da hilft nur ein Pflegeprogramm mit abgestimmten Produkten vom Profi.<\/p>\n<p>\t\t\t<a href=\"https:\/\/www.treatwell.de\/treatment-files\/bc-fibre-clinix-das-intensiv-haarpflegeprogramm-fuer-den-sommer\/?mkt_params=GC~x_LC~schwarzkopf18_PM~LP-slot_CM~\" target=\"_self\" role=\"button\"><br \/>\n\t\t\t\t\t\t\tMehr erfahren<br \/>\n\t\t\t\t\t<\/a><br \/>\n\t\t\t\t<img decoding=\"async\" src=\"https:\/\/www.treatwell.de/inspiration\/wp-content\/uploads\/sites\/7\/2018\/08\/Editorial_1.jpg\" alt=\"Editorial_1\" \/><br \/>\n\t\t\t\t<img decoding=\"async\" src=\"https:\/\/www.treatwell.de/inspiration\/wp-content\/uploads\/sites\/7\/2018\/08\/Editorial_2.jpg\" alt=\"Editorial_2\" \/><\/p>\n<p><strong>Wunderwaffe, Zauberformel<\/strong><\/p>\n<p><b>und Geheimrezept<\/b><\/p>\n<p><b>\u2013 BC Bonacure<\/b><\/p>\n<p>Feuchtigkeit, Tiefenpflege oder Volumen. Die Reihe BC Bonacure findet die richtigen Antworten auf offene haarige Fragen.<\/p>\n<p>\t\t\t<a href=\"https:\/\/www.treatwell.de\/treatment-files\/bc-bonacure-von-der-hautpflege-inspiriert-fuer-deine-haare-kreiert\/?mkt_params=GC~x_LC~schwarzkopf18_PM~LP-slot_CM~\" target=\"_self\" role=\"button\"><br \/>\n\t\t\t\t\t\t\tMehr erfahren<br \/>\n\t\t\t\t\t<\/a><\/p>\n","protected":false},"excerpt":{"rendered":"<p>Said Rubaii Hairstyling Berlin \u2013 au\u00dfergew\u00f6hnliche Frisur-Kreationen mit dem zweifachen German Hairdressing Award Gewinner. Jetzt Termin finden nebenan Hamburg \u2013 rundum bestens versorgt und versch\u00f6nert und das genau auf deinen Typ abgestimmt. Jetzt Termin finden Hashtag Mate D\u00fcsseldorf\u00a0 \u2013 na, Lust auf eine Typver\u00e4nderung? Dann bist du hier genau richtig. Mit viel Freude zur neuen&hellip;<\/p>\n","protected":false},"author":113,"featured_media":7962,"parent":0,"menu_order":0,"comment_status":"closed","ping_status":"closed","template":"","meta":{"inline_featured_image":false,"footnotes":""},"class_list":["post-7960","page","type-page","status-publish","has-post-thumbnail","hentry"],"yoast_head":"<!-- This site is optimized with the Yoast SEO plugin v27.3 - https:\/\/yoast.com\/product\/yoast-seo-wordpress\/ -->\n<title>Spare mit Schwarzkopf Professional x Treatwell<\/title>\n<meta name=\"description\" content=\"Finde die passenden Partnersalons und spare mit 12\u20ac Rabatt bei deiner n\u00e4chsten Online-Buchung. Hier gehts zu unseren Lieblingssalons. Schau vorbei!\" \/>\n<meta name=\"robots\" content=\"index, follow, max-snippet:-1, max-image-preview:large, max-video-preview:-1\" \/>\n<link rel=\"canonical\" href=\"https:\/\/www.treatwell.de/inspiration\/schwarzkopf\/\" \/>\n<meta property=\"og:locale\" content=\"de_DE\" \/>\n<meta property=\"og:type\" content=\"article\" \/>\n<meta property=\"og:title\" content=\"Spare mit Schwarzkopf Professional x Treatwell\" \/>\n<meta property=\"og:description\" content=\"Finde die passenden Partnersalons und spare mit 12\u20ac Rabatt bei deiner n\u00e4chsten Online-Buchung. Hier gehts zu unseren Lieblingssalons. Schau vorbei!\" \/>\n<meta property=\"og:url\" content=\"https:\/\/www.treatwell.de/inspiration\/schwarzkopf\/\" \/>\n<meta property=\"og:site_name\" content=\"Treatwell DE\" \/>\n<meta property=\"article:modified_time\" content=\"2018-09-03T10:33:40+00:00\" \/>\n<meta property=\"og:image\" content=\"https:\/\/www.treatwell.de/inspiration\/wp-content\/uploads\/sites\/7\/2018\/08\/Hero_mobile.jpg\" \/>\n\t<meta property=\"og:image:width\" content=\"640\" \/>\n\t<meta property=\"og:image:height\" content=\"480\" \/>\n\t<meta property=\"og:image:type\" content=\"image\/jpeg\" \/>\n<meta name=\"twitter:card\" content=\"summary_large_image\" \/>\n<meta name=\"twitter:label1\" content=\"Gesch\u00e4tzte Lesezeit\" \/>\n\t<meta name=\"twitter:data1\" content=\"1 Minute\" \/>\n<script type=\"application\/ld+json\" class=\"yoast-schema-graph\">{\"@context\":\"https:\\\/\\\/schema.org\",\"@graph\":[{\"@type\":\"WebPage\",\"@id\":\"https:\\\/\\\/www.treatwell.de/inspiration\\\/schwarzkopf\\\/\",\"url\":\"https:\\\/\\\/www.treatwell.de/inspiration\\\/schwarzkopf\\\/\",\"name\":\"Spare mit Schwarzkopf Professional x Treatwell\",\"isPartOf\":{\"@id\":\"https:\\\/\\\/www.treatwell.de/inspiration\\\/#website\"},\"primaryImageOfPage\":{\"@id\":\"https:\\\/\\\/www.treatwell.de/inspiration\\\/schwarzkopf\\\/#primaryimage\"},\"image\":{\"@id\":\"https:\\\/\\\/www.treatwell.de/inspiration\\\/schwarzkopf\\\/#primaryimage\"},\"thumbnailUrl\":\"https:\\\/\\\/www.treatwell.de/inspiration\\\/wp-content\\\/uploads\\\/sites\\\/7\\\/2018\\\/08\\\/Hero_mobile.jpg\",\"datePublished\":\"2018-08-27T16:12:59+00:00\",\"dateModified\":\"2018-09-03T10:33:40+00:00\",\"description\":\"Finde die passenden Partnersalons und spare mit 12\u20ac Rabatt bei deiner n\u00e4chsten Online-Buchung. Hier gehts zu unseren Lieblingssalons. Schau vorbei!\",\"breadcrumb\":{\"@id\":\"https:\\\/\\\/www.treatwell.de/inspiration\\\/schwarzkopf\\\/#breadcrumb\"},\"inLanguage\":\"de-DE\",\"potentialAction\":[{\"@type\":\"ReadAction\",\"target\":[\"https:\\\/\\\/www.treatwell.de/inspiration\\\/schwarzkopf\\\/\"]}]},{\"@type\":\"ImageObject\",\"inLanguage\":\"de-DE\",\"@id\":\"https:\\\/\\\/www.treatwell.de/inspiration\\\/schwarzkopf\\\/#primaryimage\",\"url\":\"https:\\\/\\\/www.treatwell.de/inspiration\\\/wp-content\\\/uploads\\\/sites\\\/7\\\/2018\\\/08\\\/Hero_mobile.jpg\",\"contentUrl\":\"https:\\\/\\\/www.treatwell.de/inspiration\\\/wp-content\\\/uploads\\\/sites\\\/7\\\/2018\\\/08\\\/Hero_mobile.jpg\",\"width\":640,\"height\":480},{\"@type\":\"BreadcrumbList\",\"@id\":\"https:\\\/\\\/www.treatwell.de/inspiration\\\/schwarzkopf\\\/#breadcrumb\",\"itemListElement\":[{\"@type\":\"ListItem\",\"position\":1,\"name\":\"Home\",\"item\":\"https:\\\/\\\/www.treatwell.de/inspiration\\\/\"},{\"@type\":\"ListItem\",\"position\":2,\"name\":\"schwarzkopf\"}]},{\"@type\":\"WebSite\",\"@id\":\"https:\\\/\\\/www.treatwell.de/inspiration\\\/#website\",\"url\":\"https:\\\/\\\/www.treatwell.de/inspiration\\\/\",\"name\":\"Treatwell DE\",\"description\":\"\",\"potentialAction\":[{\"@type\":\"SearchAction\",\"target\":{\"@type\":\"EntryPoint\",\"urlTemplate\":\"https:\\\/\\\/www.treatwell.de/inspiration\\\/?s={search_term_string}\"},\"query-input\":{\"@type\":\"PropertyValueSpecification\",\"valueRequired\":true,\"valueName\":\"search_term_string\"}}],\"inLanguage\":\"de-DE\"}]}<\/script>\n<!-- \/ Yoast SEO plugin. -->","yoast_head_json":{"title":"Spare mit Schwarzkopf Professional x Treatwell","description":"Finde die passenden Partnersalons und spare mit 12\u20ac Rabatt bei deiner n\u00e4chsten Online-Buchung. Hier gehts zu unseren Lieblingssalons. Schau vorbei!","robots":{"index":"index","follow":"follow","max-snippet":"max-snippet:-1","max-image-preview":"max-image-preview:large","max-video-preview":"max-video-preview:-1"},"canonical":"https:\/\/www.treatwell.de/inspiration\/schwarzkopf\/","og_locale":"de_DE","og_type":"article","og_title":"Spare mit Schwarzkopf Professional x Treatwell","og_description":"Finde die passenden Partnersalons und spare mit 12\u20ac Rabatt bei deiner n\u00e4chsten Online-Buchung. Hier gehts zu unseren Lieblingssalons. Schau vorbei!","og_url":"https:\/\/www.treatwell.de/inspiration\/schwarzkopf\/","og_site_name":"Treatwell DE","article_modified_time":"2018-09-03T10:33:40+00:00","og_image":[{"width":640,"height":480,"url":"https:\/\/www.treatwell.de/inspiration\/wp-content\/uploads\/sites\/7\/2018\/08\/Hero_mobile.jpg","type":"image\/jpeg"}],"twitter_card":"summary_large_image","twitter_misc":{"Gesch\u00e4tzte Lesezeit":"1 Minute"},"schema":{"@context":"https:\/\/schema.org","@graph":[{"@type":"WebPage","@id":"https:\/\/www.treatwell.de/inspiration\/schwarzkopf\/","url":"https:\/\/www.treatwell.de/inspiration\/schwarzkopf\/","name":"Spare mit Schwarzkopf Professional x Treatwell","isPartOf":{"@id":"https:\/\/www.treatwell.de/inspiration\/#website"},"primaryImageOfPage":{"@id":"https:\/\/www.treatwell.de/inspiration\/schwarzkopf\/#primaryimage"},"image":{"@id":"https:\/\/www.treatwell.de/inspiration\/schwarzkopf\/#primaryimage"},"thumbnailUrl":"https:\/\/www.treatwell.de/inspiration\/wp-content\/uploads\/sites\/7\/2018\/08\/Hero_mobile.jpg","datePublished":"2018-08-27T16:12:59+00:00","dateModified":"2018-09-03T10:33:40+00:00","description":"Finde die passenden Partnersalons und spare mit 12\u20ac Rabatt bei deiner n\u00e4chsten Online-Buchung. Hier gehts zu unseren Lieblingssalons. Schau vorbei!","breadcrumb":{"@id":"https:\/\/www.treatwell.de/inspiration\/schwarzkopf\/#breadcrumb"},"inLanguage":"de-DE","potentialAction":[{"@type":"ReadAction","target":["https:\/\/www.treatwell.de/inspiration\/schwarzkopf\/"]}]},{"@type":"ImageObject","inLanguage":"de-DE","@id":"https:\/\/www.treatwell.de/inspiration\/schwarzkopf\/#primaryimage","url":"https:\/\/www.treatwell.de/inspiration\/wp-content\/uploads\/sites\/7\/2018\/08\/Hero_mobile.jpg","contentUrl":"https:\/\/www.treatwell.de/inspiration\/wp-content\/uploads\/sites\/7\/2018\/08\/Hero_mobile.jpg","width":640,"height":480},{"@type":"BreadcrumbList","@id":"https:\/\/www.treatwell.de/inspiration\/schwarzkopf\/#breadcrumb","itemListElement":[{"@type":"ListItem","position":1,"name":"Home","item":"https:\/\/www.treatwell.de/inspiration\/"},{"@type":"ListItem","position":2,"name":"schwarzkopf"}]},{"@type":"WebSite","@id":"https:\/\/www.treatwell.de/inspiration\/#website","url":"https:\/\/www.treatwell.de/inspiration\/","name":"Treatwell DE","description":"","potentialAction":[{"@type":"SearchAction","target":{"@type":"EntryPoint","urlTemplate":"https:\/\/www.treatwell.de/inspiration\/?s={search_term_string}"},"query-input":{"@type":"PropertyValueSpecification","valueRequired":true,"valueName":"search_term_string"}}],"inLanguage":"de-DE"}]}},"_links":{"self":[{"href":"https:\/\/www.treatwell.de\/inspiration\/wp-json\/wp\/v2\/pages\/7960","targetHints":{"allow":["GET"]}}],"collection":[{"href":"https:\/\/www.treatwell.de\/inspiration\/wp-json\/wp\/v2\/pages"}],"about":[{"href":"https:\/\/www.treatwell.de\/inspiration\/wp-json\/wp\/v2\/types\/page"}],"author":[{"embeddable":true,"href":"https:\/\/www.treatwell.de\/inspiration\/wp-json\/wp\/v2\/users\/113"}],"replies":[{"embeddable":true,"href":"https:\/\/www.treatwell.de\/inspiration\/wp-json\/wp\/v2\/comments?post=7960"}],"version-history":[{"count":0,"href":"https:\/\/www.treatwell.de\/inspiration\/wp-json\/wp\/v2\/pages\/7960\/revisions"}],"wp:featuredmedia":[{"embeddable":true,"href":"https:\/\/www.treatwell.de\/inspiration\/wp-json\/wp\/v2\/media\/7962"}],"wp:attachment":[{"href":"https:\/\/www.treatwell.de\/inspiration\/wp-json\/wp\/v2\/media?parent=7960"}],"curies":[{"name":"wp","href":"https:\/\/api.w.org\/{rel}","templated":true}]}}