{"id":1273,"date":"2016-11-21T12:56:57","date_gmt":"2016-11-21T12:56:57","guid":{"rendered":"https:\/\/www.treatwell.de\/inspiration\/?page_id=1273"},"modified":"2021-07-08T11:31:16","modified_gmt":"2021-07-08T11:31:16","slug":"neue-salons","status":"publish","type":"page","link":"https:\/\/www.treatwell.de/inspiration\/neue-salons\/","title":{"rendered":"Newcomer"},"content":{"rendered":"<p>15% sparen in neuen Salons\u00a0 \u00a0 \u00a0 \u00a0 \u00a0 \u00a0 \u00a0 \u00a0 \u00a0 \u00a0 Code: NEWCOMER15*<\/p>\n<p>Wir sind immer\u00a0auf der Suche nach\u00a0wunderbaren\u00a0neuen Salons die unser Portfolio\u00a0bereichern. Entdecke jetzt neue Lieblinge und wir schenken dir zur Begr\u00fc\u00dfung der Salons 15% Rabatt auf deinen\u00a0Termin. Einfach einen Termin bei einem neuen Salons w\u00e4hlen und Code &#8222;Newcomer15&#8220; in der Kasse eingeben.<\/p>\n<p>\t\t\t<a href=\"https:\/\/www.treatwell.de\/orte\/markieren-newcomer\/in-de\/?mkt_params=GC~x_LC~neuesalons_PM~LP-slot_CM~\" target=\"_self\" role=\"button\"><br \/>\n\t\t\t\t\t\t\tAlle neuen Salons entdecken<br \/>\n\t\t\t\t\t<\/a><\/p>\n<p>W\u00e4hle<br \/>\ndeine Stadt<\/p>\n<p>\u00a0W\u00e4hle\u00a0 \u00a0 \u00a0 \u00a0 \u00a0 \u00a0 \u00a0 \u00a0 \u00a0 \u00a0 deine\u00a0Stadt<\/p>\n<h1>Berlin<\/h1>\n<p>\t\t\t<a href=\"https:\/\/www.treatwell.de\/orte\/markieren-newcomer\/in-berlin-de\/?mkt_params=GC~x_LC~neuesalons_PM~LP-slot_CM~\" target=\"_self\" role=\"button\"><br \/>\n\t\t\t\t\t\t\tJetzt mit 15% Rabatt buchen<br \/>\n\t\t\t\t\t<\/a><\/p>\n<h1>Hamburg<\/h1>\n<p>\t\t\t<a href=\"https:\/\/www.treatwell.de\/orte\/markieren-newcomer\/in-hamburg-de\/?mkt_params=GC~x_LC~neuesalons_PM~LP-slot_CM~\" target=\"_self\" role=\"button\"><br \/>\n\t\t\t\t\t\t\tJetzt mit 15% Rabatt buchen<br \/>\n\t\t\t\t\t<\/a><\/p>\n<h1>K\u00f6ln<\/h1>\n<p>\t\t\t<a href=\"https:\/\/www.treatwell.de\/orte\/markieren-newcomer\/in-koeln-de\/?mkt_params=GC~x_LC~neuesalons_PM~LP-slot_CM~\" target=\"_self\" role=\"button\"><br \/>\n\t\t\t\t\t\t\tJetzt mit 15% Rabatt buchen<br \/>\n\t\t\t\t\t<\/a><\/p>\n<h1>M\u00fcnchen<\/h1>\n<p>\t\t\t<a href=\"https:\/\/www.treatwell.de\/orte\/markieren-newcomer\/in-muenchen-de\/?mkt_params=GC~x_LC~neuesalons_PM~LP-slot_CM~\" target=\"_self\" role=\"button\"><br \/>\n\t\t\t\t\t\t\tJetzt mit 15% Rabatt buchen<br \/>\n\t\t\t\t\t<\/a><\/p>\n<h1>D\u00fcsseldorf<\/h1>\n<p>\t\t\t<a href=\"https:\/\/www.treatwell.de\/orte\/markieren-newcomer\/in-duesseldorf-de\/?mkt_params=GC~x_LC~neuesalons_PM~LP-slot_CM~\" target=\"_self\" role=\"button\"><br \/>\n\t\t\t\t\t\t\tJetzt mit 15% Rabatt buchen<br \/>\n\t\t\t\t\t<\/a><\/p>\n<h1>Frankfurt<\/h1>\n<p>\t\t\t<a href=\"https:\/\/www.treatwell.de\/orte\/markieren-newcomer\/in-frankfurt-am-main-de\/?mkt_params=GC~x_LC~neuesalons_PM~LP-slot_CM~\" target=\"_self\" role=\"button\"><br \/>\n\t\t\t\t\t\t\tJetzt mit 15% Rabatt buchen<br \/>\n\t\t\t\t\t<\/a><\/p>\n<p>*Einl\u00f6sbar mit Online-Zahlung in ausgew\u00e4hlten Newcomer-Salons. Gutscheincode nicht kombinierbar, das Angebot ist begrenzt. Gutscheinkosten tr\u00e4gt Treatwell. Es gelten die Treatwell AGB. G\u00fcltig bis 31. Dezember 2021.<\/p>\n","protected":false},"excerpt":{"rendered":"<p>15% sparen in neuen Salons\u00a0 \u00a0 \u00a0 \u00a0 \u00a0 \u00a0 \u00a0 \u00a0 \u00a0 \u00a0 Code: NEWCOMER15* Wir sind immer\u00a0auf der Suche nach\u00a0wunderbaren\u00a0neuen Salons die unser Portfolio\u00a0bereichern. Entdecke jetzt neue Lieblinge und wir schenken dir zur Begr\u00fc\u00dfung der Salons 15% Rabatt auf deinen\u00a0Termin. Einfach einen Termin bei einem neuen Salons w\u00e4hlen und Code &#8222;Newcomer15&#8220; in der&hellip;<\/p>\n","protected":false},"author":117,"featured_media":8463,"parent":0,"menu_order":0,"comment_status":"closed","ping_status":"closed","template":"","meta":{"inline_featured_image":false,"footnotes":""},"class_list":["post-1273","page","type-page","status-publish","has-post-thumbnail","hentry"],"yoast_head":"<!-- This site is optimized with the Yoast SEO plugin v27.5 - https:\/\/yoast.com\/product\/yoast-seo-wordpress\/ -->\n<title>Mit dem Treatwell Gutschein neue Salons in Berlin, Hamburg und M\u00fcnchen entdecken<\/title>\n<meta name=\"description\" content=\"Immer die neusten Salons und Studios in Berlin, Hamburg und M\u00fcnchen finden und mit dem Newcomer-Rabatt NEWCOMER15 15\u20ac sparen. Jetzt buchen!\" \/>\n<meta name=\"robots\" content=\"index, follow, max-snippet:-1, max-image-preview:large, max-video-preview:-1\" \/>\n<link rel=\"canonical\" href=\"https:\/\/www.treatwell.de/inspiration\/neue-salons\/\" \/>\n<meta property=\"og:locale\" content=\"de_DE\" \/>\n<meta property=\"og:type\" content=\"article\" \/>\n<meta property=\"og:title\" content=\"Mit dem Treatwell Gutschein neue Salons in Berlin, Hamburg und M\u00fcnchen entdecken\" \/>\n<meta property=\"og:description\" content=\"Immer die neusten Salons und Studios in Berlin, Hamburg und M\u00fcnchen finden und mit dem Newcomer-Rabatt NEWCOMER15 15\u20ac sparen. Jetzt buchen!\" \/>\n<meta property=\"og:url\" content=\"https:\/\/www.treatwell.de/inspiration\/neue-salons\/\" \/>\n<meta property=\"og:site_name\" content=\"Treatwell DE\" \/>\n<meta property=\"article:modified_time\" content=\"2021-07-08T11:31:16+00:00\" \/>\n<meta property=\"og:image\" content=\"https:\/\/www.treatwell.de/inspiration\/wp-content\/uploads\/sites\/7\/2018\/02\/Hero-1.gif\" \/>\n\t<meta property=\"og:image:width\" content=\"640\" \/>\n\t<meta property=\"og:image:height\" content=\"480\" \/>\n\t<meta property=\"og:image:type\" content=\"image\/gif\" \/>\n<meta name=\"twitter:card\" content=\"summary_large_image\" \/>\n<meta name=\"twitter:label1\" content=\"Gesch\u00e4tzte Lesezeit\" \/>\n\t<meta name=\"twitter:data1\" content=\"1 Minute\" \/>\n<script type=\"application\/ld+json\" class=\"yoast-schema-graph\">{\"@context\":\"https:\\\/\\\/schema.org\",\"@graph\":[{\"@type\":\"WebPage\",\"@id\":\"https:\\\/\\\/www.treatwell.de/inspiration\\\/neue-salons\\\/\",\"url\":\"https:\\\/\\\/www.treatwell.de/inspiration\\\/neue-salons\\\/\",\"name\":\"Mit dem Treatwell Gutschein neue Salons in Berlin, Hamburg und M\u00fcnchen entdecken\",\"isPartOf\":{\"@id\":\"https:\\\/\\\/www.treatwell.de/inspiration\\\/#website\"},\"primaryImageOfPage\":{\"@id\":\"https:\\\/\\\/www.treatwell.de/inspiration\\\/neue-salons\\\/#primaryimage\"},\"image\":{\"@id\":\"https:\\\/\\\/www.treatwell.de/inspiration\\\/neue-salons\\\/#primaryimage\"},\"thumbnailUrl\":\"https:\\\/\\\/www.treatwell.de/inspiration\\\/wp-content\\\/uploads\\\/sites\\\/7\\\/2018\\\/02\\\/Hero-1.gif\",\"datePublished\":\"2016-11-21T12:56:57+00:00\",\"dateModified\":\"2021-07-08T11:31:16+00:00\",\"description\":\"Immer die neusten Salons und Studios in Berlin, Hamburg und M\u00fcnchen finden und mit dem Newcomer-Rabatt NEWCOMER15 15\u20ac sparen. Jetzt buchen!\",\"breadcrumb\":{\"@id\":\"https:\\\/\\\/www.treatwell.de/inspiration\\\/neue-salons\\\/#breadcrumb\"},\"inLanguage\":\"de-DE\",\"potentialAction\":[{\"@type\":\"ReadAction\",\"target\":[\"https:\\\/\\\/www.treatwell.de/inspiration\\\/neue-salons\\\/\"]}]},{\"@type\":\"ImageObject\",\"inLanguage\":\"de-DE\",\"@id\":\"https:\\\/\\\/www.treatwell.de/inspiration\\\/neue-salons\\\/#primaryimage\",\"url\":\"https:\\\/\\\/www.treatwell.de/inspiration\\\/wp-content\\\/uploads\\\/sites\\\/7\\\/2018\\\/02\\\/Hero-1.gif\",\"contentUrl\":\"https:\\\/\\\/www.treatwell.de/inspiration\\\/wp-content\\\/uploads\\\/sites\\\/7\\\/2018\\\/02\\\/Hero-1.gif\",\"width\":640,\"height\":480},{\"@type\":\"BreadcrumbList\",\"@id\":\"https:\\\/\\\/www.treatwell.de/inspiration\\\/neue-salons\\\/#breadcrumb\",\"itemListElement\":[{\"@type\":\"ListItem\",\"position\":1,\"name\":\"Home\",\"item\":\"https:\\\/\\\/www.treatwell.de/inspiration\\\/\"},{\"@type\":\"ListItem\",\"position\":2,\"name\":\"Newcomer\"}]},{\"@type\":\"WebSite\",\"@id\":\"https:\\\/\\\/www.treatwell.de/inspiration\\\/#website\",\"url\":\"https:\\\/\\\/www.treatwell.de/inspiration\\\/\",\"name\":\"Treatwell DE\",\"description\":\"\",\"potentialAction\":[{\"@type\":\"SearchAction\",\"target\":{\"@type\":\"EntryPoint\",\"urlTemplate\":\"https:\\\/\\\/www.treatwell.de/inspiration\\\/?s={search_term_string}\"},\"query-input\":{\"@type\":\"PropertyValueSpecification\",\"valueRequired\":true,\"valueName\":\"search_term_string\"}}],\"inLanguage\":\"de-DE\"}]}<\/script>\n<!-- \/ Yoast SEO plugin. -->","yoast_head_json":{"title":"Mit dem Treatwell Gutschein neue Salons in Berlin, Hamburg und M\u00fcnchen entdecken","description":"Immer die neusten Salons und Studios in Berlin, Hamburg und M\u00fcnchen finden und mit dem Newcomer-Rabatt NEWCOMER15 15\u20ac sparen. Jetzt buchen!","robots":{"index":"index","follow":"follow","max-snippet":"max-snippet:-1","max-image-preview":"max-image-preview:large","max-video-preview":"max-video-preview:-1"},"canonical":"https:\/\/www.treatwell.de/inspiration\/neue-salons\/","og_locale":"de_DE","og_type":"article","og_title":"Mit dem Treatwell Gutschein neue Salons in Berlin, Hamburg und M\u00fcnchen entdecken","og_description":"Immer die neusten Salons und Studios in Berlin, Hamburg und M\u00fcnchen finden und mit dem Newcomer-Rabatt NEWCOMER15 15\u20ac sparen. Jetzt buchen!","og_url":"https:\/\/www.treatwell.de/inspiration\/neue-salons\/","og_site_name":"Treatwell DE","article_modified_time":"2021-07-08T11:31:16+00:00","og_image":[{"url":"https:\/\/www.treatwell.de/inspiration\/wp-content\/uploads\/sites\/7\/2018\/02\/Hero-1.gif","width":640,"height":480,"type":"image\/gif"}],"twitter_card":"summary_large_image","twitter_misc":{"Gesch\u00e4tzte Lesezeit":"1 Minute"},"schema":{"@context":"https:\/\/schema.org","@graph":[{"@type":"WebPage","@id":"https:\/\/www.treatwell.de/inspiration\/neue-salons\/","url":"https:\/\/www.treatwell.de/inspiration\/neue-salons\/","name":"Mit dem Treatwell Gutschein neue Salons in Berlin, Hamburg und M\u00fcnchen entdecken","isPartOf":{"@id":"https:\/\/www.treatwell.de/inspiration\/#website"},"primaryImageOfPage":{"@id":"https:\/\/www.treatwell.de/inspiration\/neue-salons\/#primaryimage"},"image":{"@id":"https:\/\/www.treatwell.de/inspiration\/neue-salons\/#primaryimage"},"thumbnailUrl":"https:\/\/www.treatwell.de/inspiration\/wp-content\/uploads\/sites\/7\/2018\/02\/Hero-1.gif","datePublished":"2016-11-21T12:56:57+00:00","dateModified":"2021-07-08T11:31:16+00:00","description":"Immer die neusten Salons und Studios in Berlin, Hamburg und M\u00fcnchen finden und mit dem Newcomer-Rabatt NEWCOMER15 15\u20ac sparen. Jetzt buchen!","breadcrumb":{"@id":"https:\/\/www.treatwell.de/inspiration\/neue-salons\/#breadcrumb"},"inLanguage":"de-DE","potentialAction":[{"@type":"ReadAction","target":["https:\/\/www.treatwell.de/inspiration\/neue-salons\/"]}]},{"@type":"ImageObject","inLanguage":"de-DE","@id":"https:\/\/www.treatwell.de/inspiration\/neue-salons\/#primaryimage","url":"https:\/\/www.treatwell.de/inspiration\/wp-content\/uploads\/sites\/7\/2018\/02\/Hero-1.gif","contentUrl":"https:\/\/www.treatwell.de/inspiration\/wp-content\/uploads\/sites\/7\/2018\/02\/Hero-1.gif","width":640,"height":480},{"@type":"BreadcrumbList","@id":"https:\/\/www.treatwell.de/inspiration\/neue-salons\/#breadcrumb","itemListElement":[{"@type":"ListItem","position":1,"name":"Home","item":"https:\/\/www.treatwell.de/inspiration\/"},{"@type":"ListItem","position":2,"name":"Newcomer"}]},{"@type":"WebSite","@id":"https:\/\/www.treatwell.de/inspiration\/#website","url":"https:\/\/www.treatwell.de/inspiration\/","name":"Treatwell DE","description":"","potentialAction":[{"@type":"SearchAction","target":{"@type":"EntryPoint","urlTemplate":"https:\/\/www.treatwell.de/inspiration\/?s={search_term_string}"},"query-input":{"@type":"PropertyValueSpecification","valueRequired":true,"valueName":"search_term_string"}}],"inLanguage":"de-DE"}]}},"_links":{"self":[{"href":"https:\/\/www.treatwell.de\/inspiration\/wp-json\/wp\/v2\/pages\/1273","targetHints":{"allow":["GET"]}}],"collection":[{"href":"https:\/\/www.treatwell.de\/inspiration\/wp-json\/wp\/v2\/pages"}],"about":[{"href":"https:\/\/www.treatwell.de\/inspiration\/wp-json\/wp\/v2\/types\/page"}],"author":[{"embeddable":true,"href":"https:\/\/www.treatwell.de\/inspiration\/wp-json\/wp\/v2\/users\/117"}],"replies":[{"embeddable":true,"href":"https:\/\/www.treatwell.de\/inspiration\/wp-json\/wp\/v2\/comments?post=1273"}],"version-history":[{"count":0,"href":"https:\/\/www.treatwell.de\/inspiration\/wp-json\/wp\/v2\/pages\/1273\/revisions"}],"wp:featuredmedia":[{"embeddable":true,"href":"https:\/\/www.treatwell.de\/inspiration\/wp-json\/wp\/v2\/media\/8463"}],"wp:attachment":[{"href":"https:\/\/www.treatwell.de\/inspiration\/wp-json\/wp\/v2\/media?parent=1273"}],"curies":[{"name":"wp","href":"https:\/\/api.w.org\/{rel}","templated":true}]}}